
{"id":25,"date":"2022-04-29T15:18:41","date_gmt":"2022-04-29T15:18:41","guid":{"rendered":"https:\/\/conferences.eg.org\/vcbm2022\/?page_id=25"},"modified":"2022-08-12T08:45:57","modified_gmt":"2022-08-12T08:45:57","slug":"chairs-committees","status":"publish","type":"page","link":"https:\/\/conferences.eg.org\/vcbm2022\/chairs-committees\/","title":{"rendered":"Chairs &amp; Committees"},"content":{"rendered":"<p>The VCBM 2022 is realized by the following persons\/committees (all sections in alphabetical order):<\/p>\n<h5><strong>General Chairs\u00a0<\/strong><\/h5>\n<ul>\n<li><span style=\"font-weight: 400\"><a href=\"https:\/\/informatics.tuwien.ac.at\/people\/eduard-groeller\"><span style=\"color: #404040\"><strong>Eduard Gr\u00f6ller<\/strong><\/span><\/a> (TU Wien, Austria)<\/span><\/li>\n<li><span style=\"font-weight: 400\"><a href=\"https:\/\/vda.cs.univie.ac.at\/team\/person\/49839\/\"><span style=\"color: #404040\"><strong>Torsten M\u00f6ller<\/strong><\/span><\/a> (University of Vienna, Austria)<\/span><\/li>\n<li><span style=\"font-weight: 400\"><a href=\"https:\/\/renataraidou.com\/\"><span style=\"color: #404040\"><strong>Renata G. Raidou<\/strong><\/span><\/a> (TU Wien, Austria)<\/span><\/li>\n<\/ul>\n<h5><strong>Paper Chairs\u00a0<\/strong><\/h5>\n<ul>\n<li><span style=\"font-weight: 400\"><a href=\"https:\/\/renataraidou.com\/\"><span style=\"color: #404040\"><strong>Renata G. Raidou<\/strong><\/span><\/a> (TU Wien, Austria)<\/span><\/li>\n<li><span style=\"font-weight: 400\"><a href=\"https:\/\/www.rca.ac.uk\/more\/staff\/dr-bjorn-sommer\/\"><span style=\"color: #404040\"><strong>Bj\u00f6rn Sommer<\/strong><\/span><\/a> <\/span>(Royal College of Art, United Kingdom)<\/li>\n<li><span style=\"font-weight: 400\"><a href=\"https:\/\/www.vr.rwth-aachen.de\/person\/1\/\"><span style=\"color: #404040\"><strong>Torsten Kuhlen<\/strong><\/span><\/a> (RWTH Aachen University, Germany)<\/span><\/li>\n<li><span style=\"font-weight: 400\"><a href=\"https:\/\/uni-tuebingen.de\/fakultaeten\/mathematisch-naturwissenschaftliche-fakultaet\/fachbereiche\/informatik\/lehrstuehle\/visuelle-big-data-analytik-in-den-lebenswissenschaften\/team\/jun-prof-dr-michael-krone\/\"><span style=\"color: #404040\"><strong>Michael Krone<\/strong><\/span><\/a> (University of T\u00fcbingen, Germany)<\/span><\/li>\n<\/ul>\n<h5><strong>Short Paper Chairs\u00a0<\/strong><\/h5>\n<ul>\n<li><span style=\"font-weight: 400\"><a href=\"https:\/\/cg.cs.uni-bonn.de\/person\/1143\"><span style=\"color: #404040\"><strong>Thomas Schultz<\/strong><\/span><\/a> (University of Bonn, Germany)<\/span><\/li>\n<li><span style=\"font-weight: 400\"><a href=\"http:\/\/yun-vis.net\/\"><span style=\"color: #404040\"><strong>Hsiang-Yun Wu<\/strong><\/span><\/a> (P\u00f6lten University of Applied Sciences, Austria)<\/span><\/li>\n<\/ul>\n<h5><strong>Poster Chairs\u00a0<\/strong><\/h5>\n<ul>\n<li><a href=\"https:\/\/www.muni.cz\/en\/people\/207879-jan-byska\"><span style=\"color: #404040\"><strong>Jan By\u0161ka<\/strong><\/span><\/a> (Masaryk University, Czech Republic\/University of Bergen, Norway)<\/li>\n<li><a href=\"https:\/\/www.tomtorsneyweir.com\/\"><span style=\"color: #404040\"><strong>Thomas Torsney-Weir<\/strong><\/span><\/a> (VRVis, Austria)<\/li>\n<\/ul>\n<h5><strong>Image Contest Chairs\u00a0<\/strong><\/h5>\n<ul>\n<li><span style=\"font-weight: 400\"><a href=\"https:\/\/nanographics.at\/\"><span style=\"color: #404040\"><strong>Peter Mindek<\/strong><\/span><\/a> (nanographics, Austria)<\/span><\/li>\n<li><a style=\"font-size: 15px\" href=\"https:\/\/vis.uib.no\/team\/eric-morth\/\"><span style=\"color: #404040\"><strong>Eric M\u00f6rth<\/strong><\/span><\/a><span style=\"font-size: 15px\"> (University of Bergen, Norway)<\/span><\/li>\n<\/ul>\n<h5><strong>Outreach &amp; Publicity Chair\u00a0<\/strong><\/h5>\n<ul>\n<li><span style=\"font-weight: 400\"><a href=\"https:\/\/www.fi.muni.cz\/~xkozlik\/index.html\"><span style=\"color: #404040\"><strong>Barbora Kozl\u00edkov\u00e1<\/strong><\/span><\/a> (Masaryk University, Czech Republic)<\/span><\/li>\n<\/ul>\n<h5><strong>Web Chair\u00a0<\/strong><\/h5>\n<ul>\n<li><a href=\"https:\/\/www.muni.cz\/en\/people\/374538-katarina-furmanova\"><span style=\"color: #404040\"><strong>Katar\u00edna Furmanov\u00e1<\/strong><\/span><\/a> (Masaryk University, Czech Republic)<\/li>\n<\/ul>\n<h5><strong>\u00a0<\/strong><strong>Ombuds Team\u00a0<\/strong><\/h5>\n<ul>\n<li><span style=\"font-weight: 400\"><a href=\"https:\/\/liu.se\/en\/employee\/ingho32\"><span style=\"color: #404040\"><strong>Ingrid Hotz<\/strong><\/span><\/a> (Link\u00f6ping University, Sweden)<\/span><\/li>\n<li><span style=\"font-weight: 400\"><a href=\"https:\/\/johanna-b.github.io\/index.html\"><span style=\"color: #404040\"><strong>Johanna Beyer<\/strong><\/span><\/a> (Harvard University, USA)<\/span><\/li>\n<\/ul>\n<h4><strong>International Program Committee and External Reviewers<\/strong><\/h4>\n<ul>\n<li><strong>Jan Aerts<\/strong> (Hasselt University, Belgium)<\/li>\n<li><strong>Marc Baaden<\/strong> (CNRS, France)<\/li>\n<li><strong>Daniel Baum<\/strong> (Zuse Institute Berlin, Germany)<\/li>\n<li><strong>Benjamin Berkels<\/strong> (RWTH Aachen University, Germany)<\/li>\n<li><strong>Katja B\u00fchler<\/strong> (VRVIS Research Center, Austria)<\/li>\n<li><strong>Katar\u00edna Furmanov\u00e1<\/strong> (Masaryk University, Czech Republic)<\/li>\n<li><strong>Tim Gerrits<\/strong> (RWTH Aachen University, Germany)<\/li>\n<li><strong>Christina Gillmann<\/strong> (Leipzig University, Germany)<\/li>\n<li><strong>Shekoufeh Gorgi Zadeh<\/strong> (University of Bonn, Germany)<\/li>\n<li><strong>Eduard Gr\u00f6ller<\/strong> (TU Wien, Austria)<\/li>\n<li><strong>Christian Hansen<\/strong> (University of Magdeburg, Germany)<\/li>\n<li><strong>Philipp Harth<\/strong> (Zuse Institute Berlin, Germany)<\/li>\n<li><strong>Ingrid Hotz<\/strong> (Link\u00f6ping University, Sweden)<\/li>\n<li><strong>Thomas H\u00f6llt<\/strong> (Leiden University Medical Center, the Netherlands)<\/li>\n<li><strong>Tobias Isenberg<\/strong> (Inria, France)<\/li>\n<li><strong>Daniel J\u00f6nsson<\/strong> (Link\u00f6ping University, Sweden)<\/li>\n<li><strong>Barbora Kozl\u00edkov\u00e1<\/strong> (Masaryk University, Czech Republic)<\/li>\n<li><strong>Kai Lawonn<\/strong> (University of Jena, Germany)<\/li>\n<li><strong>Lars Linsen<\/strong> (Westf\u00e4lische Wilhelms-Universit\u00e4t M\u00fcnster, Germany)<\/li>\n<li><strong>Andreas Maier<\/strong> (Friedrich-Alexander-University Erlangen-N\u00fcrnberg, Germany)<\/li>\n<li><strong>Gabriel Mistelbauer<\/strong> (Stanford University School of Medicine, USA)<\/li>\n<li><strong>Kay Nieselt<\/strong> (University of T\u00fcbingen, Germany)<\/li>\n<li><strong>Steffen Oeltze-Jafra<\/strong> (Hannover Medical School, Germany\/University of Magdeburg, Germany)<\/li>\n<li><strong>Daniel Pahr<\/strong> (TU Wien, Austria)<\/li>\n<li><strong>Bernhard Preim<\/strong> (University of Magdeburg, Germany)<\/li>\n<li><strong>Guido Reina<\/strong> (University of Stuttgart, Germany)<\/li>\n<li><strong>Timo Ropinski<\/strong> (Ulm University, Germany)<\/li>\n<li><strong>Benedikt Schmitt<\/strong> (Zuse Institute Berlin, Germany)<\/li>\n<li><strong>Pere-Pau V\u00e0zquez<\/strong> (Facultat d&#8217;Inform\u00e0tica de Barcelona, Spain)<\/li>\n<\/ul>\n<h4><strong>\u00a0VCBM <\/strong><strong>Steering Committee<\/strong><\/h4>\n<ul>\n<li><span style=\"font-weight: 400\"><a href=\"https:\/\/vis.uib.no\/team\/hauser\/\"><span style=\"color: #404040\"><strong>Helwig Hauser <\/strong><\/span><\/a>(University of Bergen, Norway)<\/span><\/li>\n<li><span style=\"font-weight: 400\"><a href=\"https:\/\/liu.se\/en\/employee\/ingho32\"><span style=\"color: #404040\"><strong>Ingrid Hotz <\/strong><\/span><\/a>(Link\u00f6ping University, Sweden)<\/span><\/li>\n<li><span style=\"font-weight: 400\"><a href=\"https:\/\/www.fi.muni.cz\/~xkozlik\/\"><span style=\"color: #404040\"><strong>Barbora Kozl\u00edkov\u00e1 <\/strong><\/span><\/a>(Masaryk University, Czech Republic)<\/span><\/li>\n<li><span style=\"font-weight: 400\"><a href=\"https:\/\/www.uni-ulm.de\/in\/mi\/institut\/mitarbeiter\/timo-ropinski\/\"><span style=\"color: #404040\"><strong>Timo Ropinski <\/strong><\/span><\/a>(University of Ulm, Germany)<\/span><\/li>\n<li><span style=\"font-weight: 400\"><a href=\"https:\/\/www.cs.upc.edu\/~ppau\/\"><span style=\"color: #404040\"><strong>Pere-Pau V\u00e1zquez <\/strong><\/span><\/a>(U.P.C. Barcelona, Spain)<\/span><\/li>\n<li><span style=\"font-weight: 400\"><a href=\"https:\/\/www.tue.nl\/en\/research\/researchers\/anna-vilanova\/\"><span style=\"color: #404040\"><strong>Anna Vilanova Bartroli <\/strong><\/span><\/a>(TU Delft, Netherlands)<\/span><\/li>\n<\/ul>\n","protected":false},"excerpt":{"rendered":"<p>The VCBM 2022 is realized by the following persons\/committees (all sections in alphabetical order): General Chairs\u00a0 Eduard Gr\u00f6ller (TU Wien, Austria) Torsten M\u00f6ller (University of Vienna, Austria) Renata G. Raidou (TU Wien, Austria) Paper Chairs\u00a0 Renata G. Raidou (TU Wien, <a class=\"more-link\" href=\"https:\/\/conferences.eg.org\/vcbm2022\/chairs-committees\/\">Read More &#8230;<\/a><\/p>\n","protected":false},"author":25,"featured_media":0,"parent":0,"menu_order":0,"comment_status":"closed","ping_status":"closed","template":"","meta":[],"_links":{"self":[{"href":"https:\/\/conferences.eg.org\/vcbm2022\/wp-json\/wp\/v2\/pages\/25"}],"collection":[{"href":"https:\/\/conferences.eg.org\/vcbm2022\/wp-json\/wp\/v2\/pages"}],"about":[{"href":"https:\/\/conferences.eg.org\/vcbm2022\/wp-json\/wp\/v2\/types\/page"}],"author":[{"embeddable":true,"href":"https:\/\/conferences.eg.org\/vcbm2022\/wp-json\/wp\/v2\/users\/25"}],"replies":[{"embeddable":true,"href":"https:\/\/conferences.eg.org\/vcbm2022\/wp-json\/wp\/v2\/comments?post=25"}],"version-history":[{"count":28,"href":"https:\/\/conferences.eg.org\/vcbm2022\/wp-json\/wp\/v2\/pages\/25\/revisions"}],"predecessor-version":[{"id":173,"href":"https:\/\/conferences.eg.org\/vcbm2022\/wp-json\/wp\/v2\/pages\/25\/revisions\/173"}],"wp:attachment":[{"href":"https:\/\/conferences.eg.org\/vcbm2022\/wp-json\/wp\/v2\/media?parent=25"}],"curies":[{"name":"wp","href":"https:\/\/api.w.org\/{rel}","templated":true}]}}