
{"id":110,"date":"2023-01-13T16:19:59","date_gmt":"2023-01-13T16:19:59","guid":{"rendered":"https:\/\/conferences.eg.org\/egsr2023\/?page_id=110"},"modified":"2023-04-11T06:41:14","modified_gmt":"2023-04-11T06:41:14","slug":"organization","status":"publish","type":"page","link":"https:\/\/conferences.eg.org\/egsr2023\/organization\/","title":{"rendered":"Organization"},"content":{"rendered":"<h3> <\/h3>\n<h3> <\/h3>\n<h3>Conference Chairs:<\/h3>\n<ul>\n<ul>Elmar Eisemann, TU Delft<\/ul>\n<ul>Ricardo Marroquim, TU Delft<\/ul>\n<\/ul>\n<h3><\/h3>\n<h3>Program Chairs:<\/h3>\n<ul>\n<ul>Tobias Ritschel, University College London<\/ul>\n<ul>Andrea Weidlich, NVIDIA<\/ul>\n<\/ul>\n<h3><\/h3>\n<h3>Program Committee<\/h3>\n<ul>\n<ul>Laurent Belcour, Intel<\/ul>\n<ul>Ji\u0159\u00ed Bittner, Czech Technical University in Prague<\/ul>\n<ul>Pierre B\u00e9nard, Bordeaux University, Inria Bordeaux-Sud-Ouest<\/ul>\n<ul>Per Christensen, Pixar<\/ul>\n<ul>Petrik Clarberg, Nvidia<\/ul>\n<ul>Eugene d&#8217;Eon, Nvidia<\/ul>\n<ul>Valentin Deschaintre, Adobe<\/ul>\n<ul>Daljit Singh Dhillon, Clemson University<\/ul>\n<ul>Jean-Michel Dischler, ICUBE &#8211; Universit\u00e9 de Strasbourg<\/ul>\n<ul>George Drettakis, INRIA<\/ul>\n<ul>Marc Droske, Unity<\/ul>\n<ul>Jonathan Dupuy, Unity<\/ul>\n<ul>Alban Fichet, Intel<\/ul>\n<ul>Elena Garces, Universidad Rey Juan Carlos, Seddi<\/ul>\n<ul>Iliyan Georgiev, Adobe<\/ul>\n<ul>Pascal Grittman, Saarland University<\/ul>\n<ul>Thorsten Grosch, TU Clausthal<\/ul>\n<ul>Adrien Gruson, U Tokyo<\/ul>\n<ul>Tobias G\u00fcnther, FAU<\/ul>\n<ul>Toshiya Hachisuka, University of Waterloo<\/ul>\n<ul>Sebastian Herholz, Intel<\/ul>\n<ul>Julian Iseringhausen, Google Research<\/ul>\n<ul>Adri\u00e1n Jarabo, Zaragoza University<\/ul>\n<ul>Wojciech Jarosz, Dartmouth College<\/ul>\n<ul>Nima Kalantari, Texas A&amp;M University<\/ul>\n<ul>Markus Kettunen, Nvidia<\/ul>\n<ul>Min H. Kim, KAIST<\/ul>\n<ul>Rafael Kuffner dos Anjos, Leeds University<\/ul>\n<ul>Sungkil Lee, Sungkyunkwan University<\/ul>\n<ul>Thomas Leimk\u00fchler, MPI<\/ul>\n<ul>Hendrik Lensch, U T\u00fcbingen<\/ul>\n<ul>Gabor Liktor, Intel<\/ul>\n<ul>Steve Marschner, Cornell<\/ul>\n<ul>Daniel Meister, Advanced Micro Devices, Inc.<\/ul>\n<ul>Xiaoxu Meng, Tencent<\/ul>\n<ul>Quirin Meyer, Coburg University<\/ul>\n<ul>Zahra Montazeri, University of Manchester<\/ul>\n<ul>Bochang Moon, Gwangju Institute of Science and Technology<\/ul>\n<ul>Joerg Mueller, Graz University of Technology<\/ul>\n<ul>Jacob Munkberg, Nvidia<\/ul>\n<ul>Thu Nguyen-Phuoc, Meta<\/ul>\n<ul>Merlin Nimier-David, Nvidia<\/ul>\n<ul>Marios Papas, Disney Research<\/ul>\n<ul>Pieter Peers, College of William &amp; Mary<\/ul>\n<ul>Christoph Peters, Intel<\/ul>\n<ul>Matt Pharr, Nvidia<\/ul>\n<ul>Julien Philip, Adobe<\/ul>\n<ul>Chakravarty Reddy, Meta<\/ul>\n<ul>Alexander Reshetov, Nvidia<\/ul>\n<ul>Fabrice Rousselle, Nvidia<\/ul>\n<ul>Marco Salvi, Nvidia<\/ul>\n<ul>Johannes Schudeiske (Hanika), KIT<\/ul>\n<ul>Kai Selgrad, OTH Regensburg<\/ul>\n<ul>Ana Serrano, Zaragoza University<\/ul>\n<ul>Ari Silvennoinen, Activision<\/ul>\n<ul>Gurprit Singh, MPI<\/ul>\n<ul>Erik Sintorn, Chalmers University of Technology<\/ul>\n<ul>Daniel S\u00fdkora, Charles Univeristy Prague<\/ul>\n<ul>Natalya Tatarchuk, Unity<\/ul>\n<ul>Cara Tursun, Rijksuniversiteit Groningen<\/ul>\n<ul>Karthik Vaidyanathan, Nvidia<\/ul>\n<ul>Konstantinos Vardis, Athens University of Economics and Business<\/ul>\n<ul>Delio Vicini, Google<\/ul>\n<ul>Jiri Vorba, Unity<\/ul>\n<ul>Bruce Walter, Cornell<\/ul>\n<ul>Beibei Wang, Nanjing University of Science and Technology<\/ul>\n<ul>Li-Yi Wei, Adobe<\/ul>\n<ul>Tien-Tsin Wong, The Chinese University of Hong Kong<\/ul>\n<ul>Hongzhi Wu, Zhejiang University<\/ul>\n<ul>Zexiang Xu, Adobe<\/ul>\n<ul>Ling-Qi Yan, UC Santa Barbara<\/ul>\n<ul>Cem Yuksel, University of Utah<\/ul>\n<ul>Tizian Zeltner, Nvidia<\/ul>\n<ul>Shuang Zhao, University of California, Irvine<\/ul>\n<\/ul>\n","protected":false},"excerpt":{"rendered":"<p>Conference Chairs: Elmar Eisemann, TU Delft Ricardo Marroquim, TU Delft Program Chairs: Tobias Ritschel, University College London Andrea Weidlich, NVIDIA Program Committee Laurent Belcour, Intel Ji\u0159\u00ed Bittner, Czech Technical University in Prague Pierre B\u00e9nard, Bordeaux University, Inria Bordeaux-Sud-Ouest Per Christensen, <a class=\"more-link\" href=\"https:\/\/conferences.eg.org\/egsr2023\/organization\/\">Read More &#8230;<\/a><\/p>\n","protected":false},"author":33,"featured_media":0,"parent":0,"menu_order":0,"comment_status":"closed","ping_status":"closed","template":"","meta":[],"_links":{"self":[{"href":"https:\/\/conferences.eg.org\/egsr2023\/wp-json\/wp\/v2\/pages\/110"}],"collection":[{"href":"https:\/\/conferences.eg.org\/egsr2023\/wp-json\/wp\/v2\/pages"}],"about":[{"href":"https:\/\/conferences.eg.org\/egsr2023\/wp-json\/wp\/v2\/types\/page"}],"author":[{"embeddable":true,"href":"https:\/\/conferences.eg.org\/egsr2023\/wp-json\/wp\/v2\/users\/33"}],"replies":[{"embeddable":true,"href":"https:\/\/conferences.eg.org\/egsr2023\/wp-json\/wp\/v2\/comments?post=110"}],"version-history":[{"count":22,"href":"https:\/\/conferences.eg.org\/egsr2023\/wp-json\/wp\/v2\/pages\/110\/revisions"}],"predecessor-version":[{"id":373,"href":"https:\/\/conferences.eg.org\/egsr2023\/wp-json\/wp\/v2\/pages\/110\/revisions\/373"}],"wp:attachment":[{"href":"https:\/\/conferences.eg.org\/egsr2023\/wp-json\/wp\/v2\/media?parent=110"}],"curies":[{"name":"wp","href":"https:\/\/api.w.org\/{rel}","templated":true}]}}